1101011201?
-1010211101011210
In base 11, what is 871840 - 44?
8717a7
In base 2, what is 100 + 1001001100010000000010101?
1001001100010000000011001
In base 12, what is 14aab + b5?
14ba4
In base 7, what is -156 + -623041?
-623230
In base 3, what is -11112020021120 + 1?
-11112020021112
In base 15, what is -45a16 - -72?
-45994
In base 7, what is 24141 - -151205?
205346
In base 10, what is 2 + 2932554?
2932556
In base 12, what is 54a1279 - 2?
54a1277
In base 16, what is -6ca3a - 8f?
-6cac9
In base 8, what is 244151 - -7?
244160
In base 16, what is 2c0981 + -1?
2c0980
In base 3, what is -21001 + 10012?
-10212
In base 15, what is -127a - -ed?
-117c
In base 3, what is 2012220101 + 12112011?
2102102112
In base 2, what is 111110101110001011 + -1100000?
111110101100101011
In base 11, what is -1338 - -317a00?
316673
In base 4, what is -111 + -12001222312?
-12001223023
In base 15, what is 5e716 - -12?
5e728
In base 2, what is 1100110 + 110011111000?
110101011110
In base 8, what is -2 - 31734535?
-31734537
In base 13, what is -11c14c8 - -24?
-11c14a4
In base 13, what is 20957 + -33?
20924
In base 8, what is 223234 - 2?
223232
In base 6, what is 10054354 + -22?
10054332
In base 3, what is -110001211012110 + 0?
-110001211012110
In base 16, what is -3 + c05898?
c05895
In base 6, what is -3003 - -32210?
25203
In base 15, what is -e861 + -3b4?
-ec25
In base 8, what is 13 + 423530?
423543
In base 8, what is -2346405 + 640?
-2345545
In base 12, what is 149 + -5217b?
-52032
In base 9, what is 877650 - 333?
877316
In base 16, what is 3dbcf0 + -26?
3dbcca
In base 15, what is 4b796b + 5d?
4b79c9
In base 12, what is 24555aa - 0?
24555aa
In base 11, what is -2 + -1283386?
-1283388
In base 12, what is 211290 + -11b?
211171
In base 14, what is -18b6359 - -4?
-18b6355
In base 7, what is 1633 + -153435?
-151502
In base 5, what is 4024 + -1222422?
-1213343
In base 7, what is 331205 + -360?
330515
In base 16, what is 10 + -c7f6e?
-c7f5e
In base 10, what is 202 + -69228?
-69026
In base 3, what is -1010111212221 + -111011?
-1010112101002
In base 7, what is 31411 - 336?
31042
In base 13, what is -15 + 4735b43?
4735b2b
In base 13, what is -6b057 - -106?
-6ac51
In base 3, what is 20 + -11021012122020100?
-11021012122020010
In base 6, what is 121 + -1544011?
-1543450
In base 13, what is 2ac022 - -124?
2ac146
In base 10, what is 5958503 + 1?
5958504
In base 11, what is -2a179 + -123?
-2a2a1
In base 4, what is 1021131000 - -31?
1021131031
In base 11, what is 3a682588 + -3?
3a682585
In base 6, what is 44 - 12505202?
-12505114
In base 12, what is -20 + -4181018?
-4181038
In base 4, what is -10021312231 + 23?
-10021312202
In base 6, what is -222433411 + -55?
-222433510
In base 15, what is 4 + 1080c2b?
1080c30
In base 6, what is -115304110 + 10?
-115304100
In base 14, what is 4a0 + 52c04?
532a4
In base 2, what is 1010101 - 111001000000101111000?
-111001000000100100011
In base 12, what is -676 + 14b5?
a3b
In base 2, what is -11 - 1100000001010100110010?
-1100000001010100110101
In base 5, what is 444003 + 122140?
1121143
In base 5, what is -4 + 10120441310?
10120441301
In base 8, what is -630315 - 5?
-630322
In base 13, what is -136a5ca9 - -1?
-136a5ca8
In base 14, what is -69c86 - -1aa?
-69aba
In base 6, what is -1 - 304121?
-304122
In base 7, what is 26365134334 - -3?
26365134340
In base 9, what is -11261 + 4428?
-5732
In base 7, what is 1 - -145305250?
145305251
In base 8, what is -13 + -53711145?
-53711160
In base 6, what is 212554 - -5?
213003
In base 3, what is -200 + -1222122020?
-1222122220
In base 4, what is 1303101221 + -1003?
1303100212
In base 9, what is 5611810 + 36?
5611846
In base 9, what is -15082220 + -26?
-15082246
In base 16, what is -1c - -92510?
924f4
In base 7, what is 453 + -610546?
-610063
In base 15, what is -3 + -8249?
-824c
In base 14, what is -b - 46d2c?
-46d39
In base 3, what is -1001112222110220 + 0?
-1001112222110220
In base 9, what is 41514 - 33686?
6717
In base 7, what is 12205 + -5502?
3403
In base 11, what is -249251 - -77?
-249185
In base 8, what is -42 + 2352264?
2352222
In base 10, what is 501594831 - 3?
501594828
In base 10, what is 152689242 - 2?
152689240
In base 3, what is 110 - -101222001200?
101222002010
In base 14, what is -1 - 153397?
-153398
In base 9, what is -1072 + 170736?
168654
In base 4, what is -13223112 + -12012103?
-31301221
In base 15, what is 6 + -6957e?
-69578
In base 11, what is -5 - -409a330?
409a326
In base 8, what is 520 + -53700?
-53160
In base 15, what is 2a4 - 247d?
-21c9
In base 10, what is 4 + -2604551?
-2604547
In base 4, what is -21032 + -10201122002?
-10201203100
In base 12, what is 12a3 - -48248?
4952b
In base 7, what is -1461556115 + 0?
-1461556115
In base 16, what is 164c7810 + 2?
164c7812
In base 16, what is 246 + 752?
998
In base 16, what is -c63d5 - -4?
-c63d1
In base 10, what is -39739 - 5591?
-45330
In base 13, what is -24 + 46cb06?
46cab2
In base 2, what is 11101111110111101000 + -11?
11101111110111100101
In base 10, what is 366 - 360575?
-360209
In base 6, what is -33055 - 3431?
-40530
In base 12, what is -4aa3bb + 385?
-4aa036
In base 2, what is 1111101 - -110010110100101000?
110010110110100101
In base 12, what is 33611b2 + -6?
33611a8
In base 8, what is 1121 - 12275?
-11154
In base 5, what is -10 - 332033440?
-332034000
In base 9, what is -3447 - -111137?
106580
In base 2, what is 10100001101101011 + -10010000000?
10011111011101011
In base 5, what is -224140040001 - -1?
-224140040000
In base 14, what is 1da1956 + 4?
1da195a
In base 4, what is -2210120210310 - -10?
-2210120210300
In base 6, what is -1240402 + -52041?
-1332443
In base 13, what is -61b - 27769?
-28087
In base 16, what is -34 + 3c95b?
3c927
In base 14, what is 59 + 1c2d0b?
1c2d66
In base 8, what is 24254250 + -1?
24254247
In base 12, what is 2 - 119042a4?
-119042a2
In base 15, what is -3ca3e7 + -21?
-3ca418
In base 9, what is -63084678 + 2?
-63084676
In base 4, what is 1313212020 + -3032?
1313202322
In base 5, what is 34221002 - -240?
34221242
In base 7, what is -462433 + 100?
-462333
In base 13, what is -131a - 848c?
-97a9
In base 13, what is 47c12 + b?
47c20
In base 11, what is 239 - -386a96?
387224
In base 12, what is 2682 + -261a?
64
In base 10, what is 202 - -3472?
3674
In base 16, what is 50ad05 - 7?
50acfe
In base 15, what is -e - 17c289?
-17c298
In base 12, what is -4 + -a911b?
-a9123
In base 13, what is -13517 - -2cc?
-13218
In base 11, what is 19520479 - 5?
19520474
In base 16, what is 5 - -8b045c?
8b0461
In base 6, what is -514343 - -1042?
-513301
In base 3, what is 12200202222101 - -11?
12200202222112
In base 11, what is 1580 + -680?
a00
In base 12, what is 2 + 1302813?
1302815
In base 14, what is 5a9 - 452c?
-3d63
In base 5, what is -1001014414 + -1?
-1001014420
In base 13, what is -3 - -33264ba5?
33264ba2
In base 4, what is -10103331 - -1102?
-10102223
In base 10, what is 1 + 14480785?
14480786
In base 4, what is -13 + 10001332100?
10001332021
In base 2, what is -1011111011111010 + 101001101?
-1011110110101101
In base 8, what is -1 - -25126241?
25126240
In base 16, what is 5 + 3d8e12?
3d8e17
In base 11, what is -a7 + 5665?
5569
In base 12, what is 22223188 - -2?
2222318a
In base 13, what is 1b3992 - -84?
1b3a46
In base 11, what is 175187 + -7?
175180
In base 12, what is -5 + 9a01ab?
9a01a6
In base 2, what is 1101100111 - 1110101000110101011?
-1110100111001000100
In base 11, what is -185 + a70?
896
In base 12, what is 5183 + 31307?
3648a
In base 15, what is -15 - e0c6?
-e0db
In base 8, what is 15717 - -15555?
33474
In base 14, what is 4 - -123a4c?
123a52
In base 12, what is -8802a2 + 26?
-880278
In base 10, what is 118102 - -314?
118416
In base 10, what is 3 - -5068392?
5068395
In base 5, what is 2 + -311401232200?
-311401232143
In base 14, what is -c13 - -75bc?
67a9
In base 15, what is -4336c - 11?
-4337d
In base 7, what is 126 - 4403120?
-4402661
In base 6, what is -3044304435 + 12?
-3044304423
In base 7, what is 40313313 - 1?
40313312
In base 2, what is -110010100100011 - -10011100100?
-110000000111111
In base 3, what is 201011012 - -201100?
201212112
In base 2, what is -11000000 - -1010011110110101000011?
1010011110110010000011
In base 4, what is 100103032321 - 0?
100103032321
In base 13, what is 686257 + b?
686265
In base